770. What is r(2)?
16
Let g(t) = 235*t**3 - 456*t**2 - 4*t + 11. Determine g(2).
59
Let y(j) = 6*j**2 - 3009*j + 56502. Determine y(482).
108
Let c(m) = -2*m**3 - 2*m**2 + 40*m + 496. What is c(-8)?
1072
Let z(q) = -29*q**2 + 2610*q - 38. Calculate z(90).
-38
Let g(t) = -2766*t - 2714. What is g(-1)?
52
Let i(h) = -15489*h + 4600230. Calculate i(297).
-3
Let y(r) = 2*r**2 + 5329*r + 26612. What is y(-5)?
17
Let q(d) = -3*d**3 + 25*d**2 + 7*d + 482. Determine q(10).
52
Let d(a) = -529*a - 5431. What is d(-11)?
388
Let t(n) = -26*n**3 - 64*n**2 + 19*n + 43. Determine t(-5).
1598
Let l(t) = t**3 - 4*t**2 + 2111*t - 12789. Give l(6).
-51
Let s(v) = 2*v**2 - 2982*v - 211965. What is s(-68)?
59
Let j(k) = -185347*k - 2965557. Determine j(-16).
-5
Let i(q) = -42*q**2 - 3467*q + 443379. Give i(-152).
-5
Let t(v) = -109927*v - 1209198. Determine t(-11).
-1
Let p(u) = -2604*u - 27175. What is p(-10)?
-1135
Let y(w) = -w**3 - 169*w**2 - 3167*w - 384910. Determine y(-164).
-2
Let w(v) = -311*v**2 - 2501*v - 114. What is w(-8)?
-10
Let x(y) = 59*y**2 - 190*y + 107. Determine x(3).
68
Let j(n) = -n**3 + 174*n**2 + 145*n + 5183. Calculate j(175).
-67
Let o(d) = d**2 - 59*d - 17086. Calculate o(-103).
-400
Let c(m) = 16*m**2 - 145*m - 10896. Calculate c(31).
-15
Let d(c) = 2*c**3 - 55*c**2 - 11*c - 536. Determine d(28).
-60
Let b(i) = 43889*i + 87601. Calculate b(-2).
-177
Let v(j) = -241*j - 1459. Determine v(-7).
228
Let l(b) = -b**2 + 3006*b - 53859. Calculate l(18).
-75
Let i(q) = -478*q - 9820. What is i(-21)?
218
Let h(c) = -c**3 - 80*c**2 - 365*c + 761. Give h(-75).
11
Let d(o) = 1189*o + 10969. What is d(-8)?
1457
Let h(y) = 3*y**3 - 46*y**2 - 134*y + 7. Give h(-3).
-86
Let h(z) = z**3 + 249*z**2 - 759*z - 2872. What is h(-252)?
-2116
Let c(n) = 2600*n + 33743. What is c(-13)?
-57
Let c(a) = -3*a**3 + 20*a**2 + 61*a - 290. Calculate c(5).
140
Let h(u) = -u**3 - 54*u**2 - 99*u + 2464. What is h(-51)?
-290
Let k(y) = -y**3 + 5*y**2 + 525*y + 1968. Give k(-4).
12
Let i(x) = -1019*x**2 - 20414*x - 675. Determine i(-20).
5
Let m(d) = 2*d**2 - 18623*d - 111812. Calculate m(-6).
-2
Let l(w) = 88*w**2 - 1713*w - 1711. Determine l(-1).
90
Let q(x) = 18*x**3 + 203*x**2 - 1366*x - 9. Give q(-16).
87
Let s(r) = -r**3 - 88*r**2 + 178*r + 220. Determine s(-90).
400
Let d(q) = 402*q**2 - 2*q + 8. Determine d(-2).
1620
Let i(j) = 503803*j + 2015245. Determine i(-4).
33
Let r(k) = -6*k**2 + 1095*k + 783. Give r(185).
-1992
Let o(d) = 5954*d - 825. Calculate o(0).
-825
Let o(b) = -47542*b - 3185318. Give o(-67).
-4
Let d(n) = -17*n**2 + 1620*n - 2157. Give d(94).
-89
Let j(c) = 1236*c - 291849. Calculate j(236).
-153
Let y(s) = -s**3 + 7*s**2 - 66*s + 1113. What is y(11)?
-97
Let w(b) = b**3 + 31*b**2 + 1083*b + 35429. Determine w(-32).
-251
Let s(w) = 7*w**2 - 199*w - 1118. Determine s(33).
-62
Let y(b) = b**3 + 12*b**2 + 1419*b + 17064. Give y(-12).
36
Let r(j) = -j**2 + 41*j + 1491. Give r(65).
-69
Let d(r) = -1427*r - 74301. Determine d(-52).
-97
Let z(c) = 23121*c - 69431. Calculate z(3).
-68
Let x(v) = -8432*v - 25768. Give x(-3).
-472
Let u(x) = 8*x**2 - x - 2599. What is u(21)?
908
Let c(p) = -2*p**3 - 58*p**2 - 79*p - 897. Give c(-27).
-1680
Let l(q) = 11*q**2 - 1781*q + 160. Calculate l(162).
322
Let b(f) = -76212*f + 11736659. What is b(154)?
11
Let h(b) = 206*b**2 - 1981. What is h(0)?
-1981
Let c(m) = -2*m**3 + 45*m**2 - 168*m + 4393. Give c(23).
0
Let s(q) = -31950*q + 319611. Give s(10).
111
Let t(z) = -11*z**3 + 111*z**2 + 7*z - 4. Give t(3).
719
Let i(o) = 30*o**3 + 10*o**2 + 39*o + 58. Give i(-4).
-1858
Let h(t) = -12789*t + 17456987. What is h(1365)?
2
Let b(k) = -5*k**2 + 90*k - 472. Determine b(6).
-112
Let d(v) = 19*v**2 + 1476*v - 41669. Calculate d(22).
-1
Let q(d) = -5750*d + 17423. Give q(3).
173
Let s(r) = -6287*r + 31405. Determine s(5).
-30
Let u(b) = -46*b**2 + 4428*b + 215. Calculate u(96).
1367
Let c(x) = -x**3 + 49*x**2 - 537*x - 1264. Calculate c(29).
-17
Let p(m) = -m**2 - 429*m + 33216. What is p(67)?
-16
Let h(j) = 4*j**2 + 83*j - 1511. Determine h(-34).
291
Let s(k) = -2*k**2 + 23*k + 531. Calculate s(24).
-69
Let t(h) = -2*h**3 + 340*h**2 + 1783*h - 5760. Determine t(175).
15
Let a(y) = -1057*y**3 - 280107*y**2 - 526*y + 1074. Calculate a(-265).
14
Let c(s) = 8*s**2 - 76*s - 78. Give c(11).
54
Let t(l) = 951*l + 356. Determine t(5).
5111
Let x(m) = 619*m**2 - 28*m - 28. Calculate x(-1).
619
Let f(a) = 5*a**3 + 30*a**2 + 1961*a + 13991. Determine f(-7).
19
Let i(l) = -2*l**3 + 72*l**2 + 4968*l - 226. Determine i(-35).
-156
Let l(c) = 3*c**2 + 133*c - 6835. Calculate l(36).
1841
Let a(g) = -g**3 - 22*g**2 + 1560*g - 32. Give a(-52).
-32
Let g(b) = 3186*b - 149761. What is g(47)?
-19
Let f(x) = 8*x**3 - 179*x**2 + 992*x - 233. Determine f(13).
-12
Let y(t) = -276*t + 28856. Calculate y(105).
-124
Let v(b) = -591*b - 46720. Give v(-79).
-31
Let m(y) = -y**3 - 240*y**2 + 4618*y + 6. Calculate m(18).
-462
Let l(i) = 4*i**3 + 1402*i**2 - 673*i + 10212. Determine l(-351).
33
Let w(i) = -i**3 - 3*i**2 + 317*i + 1913. Determine w(19).
-6
Let x(p) = -729*p + 74970. Calculate x(103).
-117
Let l(v) = -v**3 + 18*v**2 + 116*v - 137. Give l(23).
-114
Let h(y) = y**3 + 17*y**2 - 245*y - 129. Calculate h(-26).
157
Let f(k) = -12073*k - 43423. Give f(-4).
4869
Let b(s) = 18142*s + 54422. What is b(-3)?
-4
Let j(n) = -147*n**2 - 32*n + 995. What is j(-3)?
-232
Let q(b) = -b**3 - 39*b**2 - 356*b - 599. Give q(-27).
265
Let h(m) = -545*m**2 + 435999*m + 799. Give h(800).
-1
Let z(h) = -4*h**2 + 144*h - 852. What is z(6)?
-132
Let o(z) = -7067*z + 64140. Calculate o(9).
537
Let q(i) = -2041*i + 20559. Give q(9).
2190
Let t(s) = s**3 - 424*s**2 + 5601*s + 1963. Calculate t(14).
17
Let b(l) = 3*l**2 + 7064*l - 584294. Give b(80).
26
Let s(x) = 12*x**2 + 2735*x - 2736. What is s(1)?
11
Let j(n) = 34064*n + 340553. Determine j(-10).
-87
Let f(i) = -225*i + 8537. Give f(38).
-13
Let f(b) = -2*b**3 + 266*b**2 + 8264*b + 639. Give f(159).
3
Let c(p) = 2935*p - 7604. What is c(4)?
4136
Let l(r) = 8*r**3 + 6*r**2 - 84*r - 441. Give l(-5).
-871
Let v(z) = -83415*z - 1418059. Calculate v(-17).
-4
Let x(p) = 2*p**3 - 214*p**2 + 25*p - 3177. What is x(107)?
-502
Let n(r) = 4*r**3 - 125*r**2 + 36*r + 188. What is n(31)?
343
Let u(t) = -207*t - 4232. Calculate u(-14).
-1334
Let y(m) = -14*m**3 + 199*m**2 - 191*m - 9. Determine y(1).
-15
Let p(j) = 4*j**2 - 10626*j + 315187. Determine p(30).
7
Let p(m) = -18288*m**2 - 182867*m + 11. Calculate p(-10).
-119
Let q(c) = c**3 - 30*c**2 - 5723*c + 77213. Determine q(13).
-59
Let i(p) = -2*p**3 - 390*p**2 + 395*p + 588. Give i(-196).
0
Let v(h) = 37*h**2 + 1329*h + 2013. What is v(-35)?
823
Let u(k) = 215249*k - 215282. Calculate u(1).
-33
Let r(c) = 783565*c - 8619219. Determine r(11).
-4
Let u(r) = 55*r - 1686. What is u(48)?
954
Let l(x) = -x**3 - 26*x**2 + 226*x - 185. Determine l(-33).
-20
Let f(v) = 391*v + 5166. Determine f(-13).
83
Let g(l) = -125*l + 17098. Determine g(137).
-27
Let q(g) = g**3 + 104*g**2 - 201*g + 247. Give q(-106).
-919
Let q(l) = -2*l**2 + 8368*l - 2494212. Calculate q(323).
-6
Let f(b) = b**2 - 1599*b + 59323. What is f(38)?
5
Let v(z) = 3*z**2 + 358*z - 13325. What is v(-149)?
-64
Let u(t) = -1517*t - 93901. What is u(-63)?
1670
Let u(s) = -200787*s - 6023566. What is u(-30)?
44
Let u(m) = -m**3 + 546*m**2 - 56576*m + 169. Give u(139).
-248
Let x(i) = 99*i**2 - 403*i + 49. What is x(3)?
-269
Let u(j) = 886*j**2 - 752*j + 5. Determine u(1).
139
Let k(y) = -7789*y + 23451. Give k(3).
84
Let c(m) = 96221*m - 96207. Calculate c(1).
14
Let m(y) = y**3 + 109*y**2 - 86*y - 6684. Give m(-109).
2690
Let x(k) = 8709*k**2 + 139363*k + 305. Give x(-16).
1
Let m(h) = -h**3 - 4*h**2 - 27*h + 946. Calculate m(11).
-1166
Let n(p) = 14658*p - 117250. Give n(8).
14
Let w(s) = 11*s**2 + 431*s - 2922. Determine w(7).
634
Let n(g) = 232*g - 38480. Determine n(166).
32
Let z(d) = -4*d**2 + 24*d + 29. Calculate z(-12).
-835
Let i(s) = -17*s**2 - 289*s - 215. Calculate i(-16).
57
Let d(h) = 1417*h + 73908. Calculate d(-52).
224
Let o(y) = -94*y**2 - 763*y + 18. Calculate o(-8).
106
Let r(a) = 49*a**3 + 3867*a**2 + 7741*a + 4. Determine r(-2).
-402
Let p(w) = -3*w**3 + 44*w**2 - 204*w - 21. What is p(16)?
-4309
Let